15870. Determine y(23).
-1242
Let p(i) = 55*i**2 - 425*i - 114858. Determine p(-42).
12
Let b(x) = 16*x**2 + 476*x - 83. What is b(-31)?
537
Let f(o) = -3622218*o - 18111103. Determine f(-5).
-13
Let r(d) = -11694*d + 35076. Give r(3).
-6
Let r(v) = -v**2 + 5253*v - 171374. Determine r(33).
886
Let y(i) = -i**2 + 108153*i - 432590. What is y(4)?
6
Let c(x) = 16*x**3 + 94*x**2 - 468*x - 3. What is c(5)?
2007
Let u(i) = 2*i**3 + 433*i**2 + 4126*i - 16. Calculate u(-10).
24
Let x(f) = -57*f**2 + 120*f - 628. Determine x(5).
-1453
Let s(h) = h**3 + 1930*h**2 + 13469*h + 39. What is s(-7)?
-17
Let r(o) = 5333*o - 122645. What is r(23)?
14
Let n(j) = j**3 + 360*j**2 + 1054*j - 6071. Calculate n(-357).
-2
Let m(n) = -4*n**2 + 139*n + 18263. Calculate m(87).
80
Let k(d) = -2501*d + 46449. Calculate k(19).
-1070
Let n(v) = 2*v**2 - 2861*v - 57625. Determine n(-20).
395
Let t(v) = -161*v - 418. Calculate t(11).
-2189
Let b(d) = d**2 - 111*d + 3089. Calculate b(58).
15
Let f(m) = -m**3 - 10*m**2 + 10*m + 8. Calculate f(0).
8
Let g(t) = -3*t**3 - 973*t**2 + 14918*t + 680. What is g(-339)?
2
Let c(o) = -o**2 - 87*o - 3141. Determine c(-55).
-1381
Let p(y) = -2*y**2 - 597*y - 44567. Calculate p(-150).
-17
Let v(c) = 9*c**2 + 445*c + 4323. What is v(-10)?
773
Let l(f) = 12*f**2 - 224*f + 544. Give l(16).
32
Let d(s) = 81*s - 5200. Give d(65).
65
Let b(i) = 7*i**3 - 5*i**2 - 88*i + 204. Give b(2).
64
Let l(u) = 4*u**3 - 20*u**2 - 725*u + 746. Determine l(1).
5
Let c(u) = -8723*u - 3436878. What is c(-394)?
-16
Let f(m) = m**3 - 449*m**2 + 4705*m + 49485. Calculate f(438).
-9
Let a(s) = 149905*s**2 - 899433*s - 6. Determine a(6).
-24
Let n(f) = 8*f**3 + 367*f**2 - 64*f - 195. Give n(-46).
633
Let z(l) = -l**3 + 651*l**2 - 3194*l - 192. What is z(5)?
-12
Let g(o) = 5*o**2 + 66*o + 230. Calculate g(-5).
25
Let y(g) = -73*g**2 + 3857*g + 656. What is y(53)?
20
Let a(q) = -1669*q - 136877. What is a(-82)?
-19
Let q(a) = a**2 - 338*a + 3460. Determine q(11).
-137
Let b(j) = 3*j**3 - 13*j**2 + 21*j - 36. Determine b(10).
1874
Let i(j) = -j**2 - 6043*j - 96437. What is i(-16)?
-5
Let v(f) = -4*f**3 + 67*f**2 + 577*f - 63. Determine v(23).
-17
Let u(z) = z**3 - 499*z**2 + 24809*z + 72. Calculate u(56).
128
Let k(p) = 2278*p - 4141. Calculate k(0).
-4141
Let l(b) = 8*b**3 + 2*b**2 + 155*b + 317. Determine l(-2).
-49
Let f(d) = -2*d**3 + 211*d**2 + 34508*d - 32985. Determine f(194).
-5
Let n(v) = -206*v + 16038. What is n(77)?
176
Let n(k) = k**3 + 22*k**2 + 38*k + 159. Determine n(-8).
751
Let f(j) = -7*j**3 + 398*j**2 + 434*j + 1879. Determine f(58).
139
Let g(x) = 2425*x + 23597. What is g(-10)?
-653
Let f(p) = -90*p**2 - 9454*p - 431. Give f(-105).
-11
Let z(h) = -2*h**3 + 64*h**2 + 1046*h - 30944. Determine z(34).
-4
Let u(t) = t**3 + 171*t**2 + 2478*t + 8. Calculate u(-16).
40
Let g(d) = 1850*d - 1800. Give g(1).
50
Let b(y) = -293*y**2 - 130*y + 146. What is b(2)?
-1286
Let x(q) = q**3 - 126*q**2 + 3157*q - 2710. What is x(92)?
-42
Let r(q) = -8*q**2 + 9017*q + 45066. What is r(-5)?
-219
Let j(m) = -15*m**2 - 986*m + 2243. What is j(-68)?
-69
Let i(y) = 4*y**3 + 127*y**2 + 168*y - 1311. Give i(-30).
-51
Let m(r) = -r**3 + 760*r**2 + 13172*r - 618. Calculate m(-17).
11
Let k(w) = -16*w**3 - 92*w**2 - w - 7. Give k(-2).
-245
Let d(l) = -906*l - 5301. Calculate d(-5).
-771
Let h(x) = 20888*x + 41615. What is h(-2)?
-161
Let v(z) = -22*z**3 + 94*z**2 + 6*z + 2. Determine v(4).
122
Let g(c) = 6*c**2 + 8164*c + 24460. What is g(-3)?
22
Let h(z) = -8*z**2 - 525*z - 1536. Calculate h(-3).
-33
Let b(z) = -6*z**3 - 10*z**2 + 7*z + 16. Give b(-3).
67
Let b(l) = 2*l**2 + 83*l - 2645. What is b(-62)?
-103
Let r(g) = -14780*g - 783350. What is r(-53)?
-10
Let z(b) = -7*b**3 - 246*b**2 - 190*b + 50. Calculate z(-1).
1
Let u(h) = 2*h**3 + 22*h**2 - 2*h + 30. Determine u(-12).
-234
Let g(c) = 520*c - 422. Determine g(1).
98
Let n(i) = -3*i**2 - 2274*i - 40498. Give n(-18).
-538
Let q(y) = -7201231*y - 64811081. What is q(-9)?
-2
Let b(o) = -o**3 + 76*o**2 - 1386*o + 145. What is b(30)?
-35
Let t(m) = 2*m**2 - 3001*m + 9016. Give t(3).
31
Let h(d) = -676*d + 34694. What is h(50)?
894
Let w(l) = -7*l**2 + 2293*l + 12654. What is w(333)?
0
Let x(f) = f**3 + 42*f**2 + 422*f - 246. Determine x(-24).
-6
Let a(x) = -228*x + 11480. Calculate a(45).
1220
Let d(y) = 274*y**2 - 1625*y + 2155. Determine d(2).
1
Let n(u) = u**3 - 268*u**2 - 15337*u + 9603. What is n(-49)?
-1
Let m(s) = 75055*s - 750576. Calculate m(10).
-26
Let o(n) = -2*n**2 + 105*n - 1414. Determine o(21).
-91
Let m(t) = -6*t**3 + 104*t**2 + 274*t + 900. Calculate m(20).
-20
Let t(g) = -g**2 - 128*g + 8548. What is t(-176)?
100
Let f(i) = -12*i**3 - 129*i**2 + 35*i - 40. Calculate f(-12).
1700
Let a(n) = -n**3 - 1294*n**2 + 2612*n + 25925. What is a(-1296)?
5
Let h(l) = -86*l + 2246. Give h(21).
440
Let a(z) = -15505*z + 6589625. What is a(425)?
0
Let w(s) = -114*s + 4090. What is w(31)?
556
Let k(u) = 23*u**2 + 77*u - 2. Determine k(-7).
586
Let c(z) = 1360*z + 36727. Give c(-27).
7
Let a(x) = x**2 - 74*x - 4768. What is a(115)?
-53
Let s(t) = 78*t**2 - 269*t - 1188. Calculate s(6).
6
Let j(a) = 24*a**3 + 2318*a**2 + 1336*a - 745. What is j(-96)?
23
Let h(q) = 6*q**2 - 1031*q - 28386. Give h(196).
34
Let x(w) = 5*w**2 - 1078*w + 32746. What is x(179)?
-11
Let h(y) = y**2 - 16212*y - 292095. Calculate h(-18).
45
Let b(o) = -1196*o**3 - 2*o**2 - 52*o - 49. Give b(-1).
1197
Let q(u) = -u**3 - 56*u**2 - 608*u + 3677. Give q(-23).
204
Let a(u) = 3*u**2 - 266*u + 207. Calculate a(83).
-1204
Let h(g) = 8*g**3 + 221*g**2 - 137*g - 1489. Give h(-28).
-5
Let q(l) = -l**3 - 3*l**2 + 653*l - 5909. Determine q(13).
-124
Let j(b) = 5773*b + 305658. Give j(-53).
-311
Let j(a) = -2*a**2 - 53*a - 137. Determine j(-6).
109
Let n(l) = -43776*l + 3589641. Give n(82).
9
Let t(k) = -35660*k - 392309. What is t(-11)?
-49
Let y(x) = -618*x**2 + 4308*x - 4307. What is y(1)?
-617
Let p(a) = 2898*a + 82473. Calculate p(-28).
1329
Let v(d) = -d**2 - 4371*d - 173216. What is v(-40)?
24
Let t(n) = -n**3 + 40*n**2 + 101*n - 1992. Give t(41).
468
Let x(a) = -81*a + 960. Give x(9).
231
Let b(t) = -789908*t + 70301814. Give b(89).
2
Let w(q) = -605*q + 6542. Determine w(11).
-113
Let o(w) = -w**2 + 1594*w - 112463. Determine o(74).
17
Let y(d) = -101586*d + 1219035. Determine y(12).
3
Let u(v) = -v**2 - 14*v - 171. Calculate u(-26).
-483
Let a(f) = 17*f**2 - 62*f + 194. Determine a(3).
161
Let n(g) = -244*g**3 - 2199*g**2 - 7*g + 172. What is n(-9)?
-8
Let n(u) = u**3 - 39*u**2 - 521*u + 3888. Give n(48).
-384
Let h(p) = p**3 + 170*p**2 - 3380*p + 772. Give h(-188).
20
Let m(x) = -2*x**3 - 210*x**2 - 636*x - 2455. Determine m(-102).
-7
Let d(m) = -m**3 - 227*m**2 - 3267*m - 853045. Determine d(-229).
-20
Let z(v) = 2*v**2 - 554*v - 6948. Calculate z(-12).
-12
Let o(n) = -2*n**3 + 49*n**2 - 34423*n + 825577. What is o(24)?
1
Let a(i) = -7703*i + 1116946. Calculate a(145).
11
Let u(f) = 2*f**2 + 60*f - 890. What is u(11)?
12
Let s(h) = -702*h + 120051. Give s(171).
9
Let n(d) = d**3 - 125*d**2 + 2556*d + 1486. Give n(99).
-296
Let y(s) = 5*s**2 - 1492*s + 65034. Give y(53).
3
Let d(i) = -614*i - 14753. What is d(-24)?
-17
Let x(z) = -12*z**3 + 3183*z**2 - 788*z - 1868. Give x(265).
-13
Let y(z) = 109*z**2 + 1340*z + 238. Calculate y(-13).
1239
Let m(s) = -2253*s - 7344. Calculate m(-3).
-585
Let o(m) = 3*m**3 + m**2 - 22*m + 64. What is o(0)?
64
Let o(z) = 2*z**2 + 450*z + 22426. Calculate o(-77).
-366
Let y(l) = -389*l + 15465. Give y(42).
-873
Let f(k) = -35*k**2 - 939*k + 5963. Determine f(5).
393
Let i(l) = -l**3 - 97*l**2 + 21*l + 1259. Determine i(-97).
-778
Let u(c) = 1561*c - 633785. What is u(406)?
-19
Let a(v) = -2*v**3 - 118*v**2 - 173*v + 90. What is a(-57)?
-3045
Let l(y) = 4995*y - 30081. Calculate l(6).
-111
Let z(t) = 922*t - 26794. Determine z(30).
866
Let n(h) = -3483*h + 65567. Calculate n(19).
-610
Let q(f) = 28*f**2 + 1549*f + 508. Calculate q(-55).
13
Let w(u) = 30*u**2 + 231*u + 576. Calculate w(-6).
270
Let l(f) = f**3 + 37*f**2 - 317*f - 7862. Give l(-40).
18
Let z(i) = 6*i**2 + 20296*i + 4139389. Calculate z(-218).
5
Let z(g) = 6*g**2 - 89*g + 880. What is z(21)?
1657
Let a(b) = b**3 - 4*b**2 - 59*b + 3090. What is a(0)?
3090
L